 of 4 and 724.
4
Calculate the highest common divisor of 1106 and 476.
14
Calculate the greatest common factor of 564 and 1316.
188
What is the greatest common divisor of 12 and 6924?
12
What is the highest common factor of 764 and 14?
2
Calculate the greatest common divisor of 1312 and 123.
41
Calculate the greatest common factor of 368 and 48.
16
Calculate the highest common divisor of 460 and 60.
20
What is the highest common factor of 150 and 20175?
75
Calculate the highest common divisor of 210 and 9030.
210
What is the highest common divisor of 14514 and 492?
246
Calculate the greatest common divisor of 20909 and 7.
7
Calculate the greatest common factor of 14 and 854.
14
Calculate the greatest common factor of 699 and 3.
3
What is the greatest common factor of 715 and 55?
55
What is the highest common divisor of 1616 and 256?
16
Calculate the highest common factor of 1134 and 42.
42
Calculate the greatest common factor of 2439 and 9.
9
Calculate the highest common factor of 117 and 81.
9
What is the highest common divisor of 78 and 18?
6
Calculate the greatest common factor of 60 and 2020.
20
Calculate the highest common divisor of 33 and 1947.
33
Calculate the highest common divisor of 240 and 3.
3
What is the highest common factor of 896 and 8?
8
What is the greatest common factor of 18304 and 256?
128
Calculate the greatest common divisor of 192 and 132.
12
What is the highest common factor of 34 and 1343?
17
Calculate the greatest common factor of 57 and 475.
19
Calculate the highest common factor of 14 and 791.
7
What is the highest common factor of 899 and 1595?
29
Calculate the highest common factor of 8 and 296.
8
Calculate the highest common factor of 638 and 870.
58
What is the greatest common factor of 354 and 51?
3
Calculate the highest common factor of 110 and 396.
22
Calculate the highest common divisor of 5427 and 27.
27
What is the highest common divisor of 3066 and 1168?
146
Calculate the highest common divisor of 935 and 255.
85
What is the greatest common factor of 2304 and 1056?
96
Calculate the highest common divisor of 8565 and 15.
15
What is the greatest common divisor of 36 and 351?
9
Calculate the greatest common divisor of 9 and 477.
9
What is the greatest common divisor of 1495 and 805?
115
Calculate the highest common factor of 308 and 2926.
154
What is the greatest common divisor of 15 and 2320?
5
What is the highest common divisor of 9 and 117?
9
Calculate the greatest common divisor of 85 and 10.
5
Calculate the greatest common factor of 234 and 7332.
78
Calculate the highest common factor of 14716 and 52.
52
Calculate the highest common factor of 96 and 168.
24
Calculate the greatest common factor of 42 and 14.
14
What is the greatest common divisor of 1686 and 24?
6
Calculate the highest common divisor of 2064 and 3354.
258
What is the highest common divisor of 2 and 99?
1
What is the highest common divisor of 10 and 1135?
5
Calculate the highest common factor of 201 and 268.
67
Calculate the greatest common factor of 121 and 66.
11
What is the highest common divisor of 150 and 200?
50
Calculate the highest common divisor of 655 and 20.
5
Calculate the highest common factor of 279 and 6789.
93
Calculate the greatest common factor of 9 and 96.
3
What is the greatest common divisor of 1296 and 81?
81
Calculate the greatest common divisor of 11496 and 6.
6
What is the highest common divisor of 8 and 264?
8
What is the highest common divisor of 11 and 649?
11
Calculate the highest common factor of 2796 and 4.
4
Calculate the highest common divisor of 12769 and 226.
113
What is the highest common divisor of 6150 and 2706?
246
Calculate the highest common factor of 161 and 92.
23
What is the highest common factor of 1386 and 1974?
42
Calculate the greatest common divisor of 56 and 21.
7
Calculate the highest common factor of 1833 and 741.
39
What is the greatest common divisor of 37 and 3478?
37
Calculate the highest common factor of 368 and 16.
16
What is the greatest common divisor of 150 and 1200?
150
Calculate the greatest common factor of 81 and 12.
3
Calculate the highest common divisor of 150 and 12.
6
What is the greatest common factor of 231 and 336?
21
What is the highest common factor of 256 and 32?
32
What is the greatest common factor of 660 and 946?
22
Calculate the greatest common divisor of 427 and 21.
7
What is the greatest common factor of 42 and 30?
6
Calculate the highest common divisor of 4 and 2036.
4
Calculate the greatest common factor of 1170 and 180.
90
What is the highest common divisor of 52 and 7462?
26
Calculate the greatest common divisor of 1537 and 159.
53
Calculate the highest common divisor of 9347 and 13.
13
Calculate the greatest common divisor of 478 and 4.
2
What is the greatest common factor of 42 and 10?
2
What is the highest common factor of 1672 and 110?
22
What is the greatest common divisor of 184 and 943?
23
What is the greatest common divisor of 375 and 10?
5
Calculate the highest common factor of 10 and 250.
10
Calculate the highest common divisor of 301 and 129.
43
Calculate the greatest common divisor of 2752 and 43.
43
Calculate the greatest common divisor of 141 and 9682.
47
What is the greatest common factor of 1464 and 24?
24
What is the greatest common factor of 511 and 28?
7
Calculate the highest common factor of 20 and 4.
4
Calculate the greatest common divisor of 8 and 34.
2
Calculate the highest common factor of 6 and 387.
3
What is the greatest common divisor of 158 and 3002?
158
What is the greatest common divisor of 2 and 498?
2
What is the highest common divisor of 50 and 230?
10
What is the greatest common factor of 4 and 4?
4
Calculate the greatest common factor of 54 and 2754.
54
What is the highest common factor of 527 and 248?
31
Calculate the greatest common divisor of 27 and 36.
9
What is the highest common divisor of 156 and 8736?
156
Calculate the greatest common divisor of 40 and 300.
20
Calculate the highest common divisor of 412 and 721.
103
What is the greatest common factor of 22 and 44?
22
What is the highest common factor of 1 and 81?
1
Calculate the highest common factor of 444 and 148.
148
What is the greatest common divisor of 226 and 2?
2
What is the greatest common divisor of 420 and 112?
28
Calculate the greatest common factor of 360 and 120.
120
Calculate the highest common factor of 2209 and 47.
47
What is the greatest common factor of 901 and 17?
17
Calculate the highest common factor of 1859 and 88.
11
Calculate the highest common divisor of 325 and 50.
25
What is the greatest common factor of 33 and 5577?
33
What is the greatest common factor of 52 and 169?
13
Calculate the highest common factor of 5 and 1.
1
What is the greatest common divisor of 473 and 220?
11
Calculate the greatest common divisor of 93 and 651.
93
What is the greatest common factor of 144 and 240?
48
What is the highest common factor of 244 and 4?
4
Calculate the highest common factor of 105 and 651.
21
Calculate the highest common factor of 114 and 8094.
114
Calculate the greatest common divisor of 583 and 212.
53
What is the greatest common factor of 264 and 3?
3
What is the highest common divisor of 123 and 3?
3
Calculate the highest common factor of 2937 and 356.
89
Calculate the highest common divisor of 5 and 13.
1
What is the greatest common divisor of 2109 and 38?
19
What is the greatest common factor of 48 and 594?
6
Calculate the greatest common factor of 5504 and 160.
32
Calculate the highest common factor of 60 and 220.
20
What is the greatest common factor of 16 and 2048?
16
What is the highest common factor of 1337 and 7?
7
What is the highest common divisor of 27 and 6?
3
Calculate the highest common divisor of 60 and 100.
20
Calculate the highest common divisor of 218 and 2725.
109
Calculate the greatest common factor of 64 and 20.
4
Calculate the greatest common divisor of 17 and 44489.
17
What is the greatest common factor of 1815 and 75?
15
Calculate the greatest common factor of 18 and 150.
6
What is the highest common divisor of 57 and 8?
1
Calculate the highest common factor of 10 and 20.
10
Calculate the highest common factor of 37 and 12839.
37
Calculate the greatest common factor of 65 and 26.
13
Calculate the highest com